reds digit of h?
1
Let o(v) = v**3 + 19*v**2 + 18*v + 3. Let n be o(-18). Suppose -n*u + 27 = -0. Suppose -5*f = -u*f + 480. What is the hundreds digit of f?
1
Let w = -498 + 524. What is the units digit of 48/(-36)*(-9)/(-6) + w?
4
Suppose -3*x = 14 - 5. Let b be (1 - x - 0)*(-1028)/16. Let f = b - -455. What is the tens digit of f?
9
Let i = 160712 - 104167. What is the ten thousands digit of i?
5
Let u(i) = -39*i + 6. Let t be u(-12). What is the tens digit of (t/12)/(1/6)?
3
Suppose 0 = f - 29*f + 392. Suppose -2*s = -2*o - 582, 2*s - f*o - 561 = -19*o. What is the hundreds digit of s?
2
Suppose 0 = 10*n - 7*n - 9. Suppose 5 - 157 = -3*y - 5*z, 4*y - 251 = n*z. What is the tens digit of y?
5
Suppose -2*t - 6 = -3*h, h - 4 = -3*t - h. What is the tens digit of -24*((-34)/6 - 0 - t)?
3
Let t(y) = -6920*y + 16121. What is the hundreds digit of t(-5)?
7
Suppose -2938 = -4*k + 2*o - 692, 2810 = 5*k - 3*o. Suppose 4 = x, 2*w + 557 = 4*x - 193. Let s = w + k. What is the tens digit of s?
9
Let z = -153381 - -251914. What is the units digit of z?
3
Let h(q) be the second derivative of 0*q**2 - 1/6*q**4 - 25*q + 0 + 1/3*q**3 + 13/10*q**5. What is the hundreds digit of h(2)?
2
Let t = 76931 + -37391. Suppose t = 13*f + 17*f. What is the hundreds digit of f?
3
Let n be (-12)/(-18)*2*(-9)/(-12). Let x be n + (54 - 12/(-4)). Suppose 0 = 6*d - 7*d + x. What is the units digit of d?
8
Let z(y) = -43*y**3 + 8*y + 5. Let x be z(-2). Let g = x + -21. What is the tens digit of g?
1
Suppose -c - 7 - 9 = -4*n, -12 = c - 3*n. Suppose -19*w + c*w + 14345 = 0. What is the hundreds digit of w?
7
What is the hundreds digit of (-13 + (6 - -5))*3*32321/(-6)?
3
Let l(h) = 3*h + 7*h - 8*h - h**2 + 2*h. Let g be l(4). Suppose g*c = -2*c + 250. What is the tens digit of c?
2
Let b be (-23364)/(-12)*(-8)/(-6). Let o = b - 1461. What is the units digit of o?
5
Suppose -5*i = -3*m + 101689, 5*i + 141577 = 4*m + 5995. What is the tens digit of m?
9
Suppose 4*f = -3922 + 63982. What is the units digit of f?
5
Let f = 6 + -4. Let h(n) = 22*n - 437. Let b be h(20). Suppose 0 = -4*u + f*z + 170, -6*u + b*z + 212 = -u. What is the units digit of u?
3
Suppose -2*p + 5 = -2*n + 3, -p = 5*n - 1. Let i be (p - (1 - -1)) + 3. Suppose 0 = b - 2*z - 11, i*b = -4*z + 5 - 23. What is the units digit of b?
1
Let y(t) = -6*t**2 - 4 - 2*t**3 - 4*t + 3 + 8. Let u(s) = -3*s**3 - 5*s**2 - 5*s + 7. Let j(m) = 3*u(m) - 4*y(m). What is the units digit of j(7)?
8
Suppose -13*g = -15*g + 48. Let l be (-1 + -4)*g/(-20). Let m(r) = 22*r + 45. What is the units digit of m(l)?
7
Suppose 5*m = 4*g + 25380, 4*g = -162*m + 165*m - 15236. What is the hundreds digit of m?
0
Suppose -7*z - 15567 = -3*r - 4*z, z - 10381 = -2*r. What is the units digit of r?
0
Suppose -9*x = -10*x + 13. Let k(p) = -29 - x*p + p + 10*p. What is the units digit of k(-17)?
5
Let x = -19 + 23. Suppose -5*n = 4*q - 15, 0 = -2*n - 2*q + x*q + 6. Suppose 5*f = n*h + 92, -5*h + 56 + 4 = 5*f. What is the tens digit of f?
1
Let i be (-17 + -4)/(-3)*4. Suppose i*p = 40*p - 3300. What is the tens digit of p?
7
Suppose 3*w + 72 = 4*b, 2*b + w - 46 = -0*w. Suppose b*t + 2312 - 16046 = 0. What is the units digit of t?
4
Let t = 11447 - -27236. What is the units digit of t?
3
Suppose 38 = -8*h - 106. What is the tens digit of h/(-54)*(-4944)/(-2)?
2
What is the ten thousands digit of ((-8604)/45)/(8*(-2)/6280)?
7
Suppose 4*l + 3*c - 36045 = 0, -5*l + 11591 = 3*c - 33466. What is the units digit of l?
2
Let j = -322 - -320. What is the units digit of (j - (2 - 3))*(-861 + -6)?
7
Let s(n) be the third derivative of n**6/144 - 11*n**5/120 - n**4/3 - 3*n**2. Let r(u) be the second derivative of s(u). What is the tens digit of r(19)?
8
Let a(k) = -3*k**3 - 11*k**2 + 2*k + 1. Let r = -164 + 157. What is the units digit of a(r)?
7
What is the hundreds digit of (-17 - -15) + -9 + 5131?
1
Let u be (1400/6)/((-4)/(-12)). Let i be 62/744 - 70/(-24). Suppose 7*m = -i*m + u. What is the tens digit of m?
7
Let u(y) = -3*y**3 - y**2 + 26*y - 17. Let c be u(-7). Suppose 5*b - c = n + 1846, 2*b = -4*n + 1042. What is the units digit of b?
5
Suppose -105*j + 2874033 = 172*j - 80*j. What is the thousands digit of j?
4
Suppose 0 = 15*b - 100*b + 391680. What is the tens digit of b?
0
Suppose a = -4*l - 94, 14 = -4*l + 34. What is the hundreds digit of (a - 7)*-4*(-3 + 4)?
4
Let a = -26567 + 59339. What is the units digit of a?
2
Suppose 24505 = 14*j - 333212 + 51201. What is the units digit of j?
4
Let n be (-28)/(-6)*(-6)/(-7). Suppose 4*s - 17 = -x, -x + 31 = 2*s + n*x. Suppose g = s*k - 130, 4*k + 2*g = -0*g + 180. What is the tens digit of k?
4
Let u(h) = h**3 - 105*h**2 + 1635*h - 142. What is the units digit of u(97)?
1
Let c(h) be the second derivative of h**4/12 + 97*h**2 - 92*h. What is the units digit of c(0)?
4
Let t(q) = q**2 + 182*q + 16. What is the hundreds digit of t(30)?
3
Let i(s) be the third derivative of s**5/60 - 7*s**4/8 + 22*s**3/3 + 3*s**2. Let a be i(18). What is the tens digit of (-2455)/(-25) + (-8)/a?
9
Suppose -618*g = -1407729 - 9289233. What is the ten thousands digit of g?
1
Let h be 39963/55 + 10/25. Let a = 1279 - h. What is the tens digit of a?
5
Let i be -1 - -1 - (-6 + (5 - 2)). Suppose i*v - 2*v = -25. Let j = v - -88. What is the units digit of j?
3
Suppose 12 = m + o, 2*o = -0*o + 10. Suppose -2*l = h - 697, m*h = 4*l + 4*h - 1409. What is the units digit of l?
0
Let q be (-792)/(-8) - (-15)/(-3). Suppose -q*r - 3615 = -99*r. What is the units digit of r?
3
Let h(m) = 2*m**3 - 12*m**2 + 2. Let b be h(7). Suppose -69*z + b = -68*z. Suppose 0 = 2*n - z - 28. What is the tens digit of n?
6
Let n = 33 + -46. Let o = n - -15. Suppose -i = 2*a - 83, 0 = o*i + i - 4*a - 229. What is the units digit of i?
9
Suppose -l - s + 45 = 0, 0 = -4*s - 28 + 8. Let r = -47 + l. Suppose x + r*x - 146 = -3*n, -2*x = -5*n + 226. What is the units digit of n?
6
Let b(i) = -2*i**2 - 26*i + 64. Let s be b(-15). What is the tens digit of 840/(0 + s)*(-10)/(-6)?
5
Let n(z) = 68*z + 161. Suppose -5*m = t - 11 + 10, -3*m - 6 = 0. What is the units digit of n(t)?
9
Let s be 6 + 128/(-20) - (-8)/(-5). What is the hundreds digit of 481 - (6/(-2) + s)?
4
Let q(o) = 41*o**2 + 171*o - 7. What is the hundreds digit of q(-6)?
4
Let k be ((-6)/21 + (-5)/7)*18. Let x be ((-334)/4)/(9/k). Suppose 5*r + 3*j - 680 = 0, -4*r - 2*j + x = -379. What is the hundreds digit of r?
1
Let k be 812/35 + 8/10. Let u(l) = 31 - k + 3*l - 14 - 14*l. What is the tens digit of u(-3)?
2
Let h = 31278 + -20032. What is the hundreds digit of 11/9 + -1 - h/(-18)?
6
Let d(z) = -z**3 - 59*z**2 - 138*z + 765. What is the hundreds digit of d(-57)?
1
Suppose 0 = 2*k - 2*v + 7*v + 17, 3*k + 8 = -4*v. Suppose -5*x + k = -6*x. What is the units digit of (21/(-12) - -1)/(x/16)?
3
Let n = -2520 - -4059. What is the units digit of n?
9
Let u be 32 + 0/(1 - 4). Suppose 40*t = u*t + 1880. What is the tens digit of t?
3
Let k(d) = -10*d**3 + 8*d + 5. Let u be k(-4). Let r = u + -358. Suppose -3*o = 15 - r. What is the units digit of o?
0
Suppose 4*k - 174372 = -251*f + 255*f, 3*k = -2*f + 130769. What is the tens digit of k?
9
Let h be (-1)/((-3)/(-2 + -325))*-5. Let b be h/4 + 23/(-92). Suppose -b = -m - 2*y + 50, -2*m - 3*y + 374 = 0. What is the tens digit of m?
9
Let a(u) = 4148*u**2 + 191*u + 377. What is the hundreds digit of a(-2)?
5
What is the hundreds digit of -7 - 1*(-670)/90 - 440169/(-27)?
3
What is the units digit of (1526392/140)/(7/(-210)*-6)?
4
Suppose -4*n - 21 = -5*n. Let g = 23 - n. Suppose -g*t + 221 = 61. What is the units digit of t?
0
Let n(u) = 2017*u**2 - 101*u + 204. What is the tens digit of n(2)?
7
Let c be ((-21)/6 - -3) + (-50)/(-4). Suppose 3*f - 7*f + 3 = 5*y, c = -4*f. Suppose -5*a - 477 = -4*g, -y*a - 20 = a. What is the hundreds digit of g?
1
Let s(o) = -401*o**3 + 2*o**2 + 4*o - 1. Let c be s(-2). Suppose -3*i + c = -3*d, 444 = 3*i + 3*d - 2781. What is the thousands digit of i?
1
Let b(a) = 4*a - 71. Let g be b(18). Suppose -6 = -5*q + 4. Suppose 0 = q*n - 5*d - 279, -d - 2 = g. What is the units digit of n?
2
Suppose 7*m + 31 = 12*m - d, d = -3*m + 17. Suppose 0 = -2*p + m, 3189 = -10*s + 13*s - 3*p. What is the thousands digit of s?
1
Let r be 1/11 - -2